 What is the hundreds digit of r?
1
Let u = 27 + -20. Suppose 0 = -u*l + 4*l + 9. Suppose p + 5*w = -p + 49, 0 = l*p - 4*w - 16. What is the tens digit of p?
1
What is the units digit of 6/(-56)*-4660 - (-2)/(-7)?
9
Let n(r) = -r**3 - 7*r**2 - 8*r + 4. Let j be n(-6). Let b = 16 - j. Suppose b = -t + 2 + 6. What is the units digit of t?
8
Let w(c) = 8*c**2 + 3*c - 2. Let j be w(1). Suppose -4*k - 255 = -j*k. What is the units digit of k?
1
Let w(b) be the first derivative of b**3/3 + 9*b**2/2 + 11*b + 7. What is the tens digit of w(10)?
0
Let l = 39 - -3. Let v be 54/14 - (-6)/l. Suppose 0 = g - v*g + 72. What is the units digit of g?
4
Suppose -13605 = -4*k + 3*x, 11*k = 6*k + 2*x + 17015. What is the tens digit of k?
0
Suppose 12 = -0*s + 4*s. Suppose -k = 5*u - s*k - 111, -3*u = 2*k - 73. What is the tens digit of u?
2
Let j(h) = -8*h + 43. Let f be j(-8). Suppose f = i - 3*b - 26, 0 = 4*i + b - 571. What is the hundreds digit of i?
1
Suppose 5*f = g - 16, 6*g + 2*f + 24 = 2*g. What is the hundreds digit of 143 - (-2)/g*-4?
1
Suppose 5*m = 3*m + 1610. Let x = m + -541. What is the tens digit of x?
6
What is the units digit of (19/(-2))/(4/(-1096))?
3
Suppose 3*m + b - 1677 - 456 = 0, -2863 = -4*m + 5*b. What is the units digit of m?
2
Let g(q) = -q**2 - 14*q - 15. Let w = -5 + -4. What is the units digit of g(w)?
0
Let r = -66 - -68. Suppose 0 = -5*h - r*x + 479, -h = -5*x - 55 - 30. What is the units digit of h?
5
Suppose 0 = -s + 21 - 10. Suppose s*z + 1209 = 3200. What is the hundreds digit of z?
1
Let t be (3*(-2)/(-2))/(-21 + 22). What is the tens digit of (-2)/(2/t) + 22?
1
Let k(a) = -15*a - 3. Let s be k(-2). Suppose -v + 3*d + 0*d = -29, -v + s = -d. What is the tens digit of v?
2
Suppose 14*a - 34*a + 16980 = 0. What is the units digit of a?
9
Let i = 794 - -63. What is the units digit of i?
7
Let x be (-3200)/(-112) - (-4)/(-7). Let g = x + -16. What is the tens digit of g?
1
Suppose -6*b - 2*i = -b + 98, 0 = -3*b + 5*i - 65. Suppose 0 = -7*y - 308 + 63. Let t = b - y. What is the tens digit of t?
1
Let k = 696 + -413. Suppose 0 = -2*m - g + 426, 4*m + k - 1155 = 3*g. What is the tens digit of m?
1
Suppose 4*q - 428 = -2*h, 44*h - 602 = 41*h + 4*q. What is the tens digit of h?
0
Let q = 725 - 485. What is the hundreds digit of q?
2
Suppose 77*p - 74*p - 2763 = 0. What is the units digit of p?
1
Let f be -35 - 0 - (6 + (-5 - 4)). What is the units digit of (7/((-28)/f))/((-1)/(-12))?
6
Let f(t) = 2*t**2 - 5*t + 4. What is the hundreds digit of f(11)?
1
Let q(b) = -2*b**3 - 9*b**2 + b - 14. What is the units digit of q(-9)?
6
Let l = 28 - 30. Let w(u) = -9*u**3 + 4*u**2 + 5*u. What is the tens digit of w(l)?
7
Suppose 0 = 332*w - 322*w - 19150. What is the units digit of w?
5
What is the thousands digit of 5975/4 + -8 + 3/12?
1
Let w = 22 - 19. Let n(j) = 7*j**2 - 5*j. What is the tens digit of n(w)?
4
Let p(c) = 12*c**2 + 1. Let y be p(-1). Suppose -m - y = -3*n, -3*n - m + 3 + 2 = 0. Suppose -n*t - 93 = -6*k + k, t = -3*k + 67. What is the tens digit of k?
2
Let o(d) = 0 + d - 2 - 38*d. Let l be o(2). What is the units digit of (2/4)/((-2)/l)?
9
Let l = -1524 - -2218. What is the units digit of l?
4
Suppose 4 + 0 = 4*i. Let a = 89 + i. What is the tens digit of a?
9
Let x = -21 - -36. Let t = x + -12. Suppose 4*r + p - 23 = -0*p, 5*p + 23 = t*r. What is the units digit of r?
6
Let w(z) = -2*z - 4. Let v be w(3). Let s = 10 + v. Suppose -3*q + 53 = -2*n - 13, s = -2*n. What is the units digit of q?
2
Let o = -46 + 233. What is the units digit of o?
7
Let s(m) = 242*m**3 - 3*m**2 + 2*m. Let t(i) = i - 13. Let a be t(14). What is the units digit of s(a)?
1
Let s(j) = -54*j - 112. What is the hundreds digit of s(-11)?
4
Let g = -1084 - -1969. What is the units digit of g?
5
Let v(r) = 233*r - 79. What is the units digit of v(3)?
0
Suppose g = -2*a + 277 + 116, -g = -3. What is the tens digit of a?
9
Suppose -25*r - 2*q = -28*r + 939, 1543 = 5*r + 4*q. What is the hundreds digit of r?
3
Let l(s) = -s**3 + 5*s**2 - 3*s + 13. Let x be l(5). Let z be (12/15)/((-1)/5). What is the units digit of (x/z)/((-10)/(-160))?
8
Suppose -69*h + 30456 = -63*h. What is the tens digit of h?
7
Let f = 2 - 0. Let j be (-87)/(-18) + f/12. What is the tens digit of (4/j)/(2/45)?
1
Let c(p) = -469*p**3 + 3*p**2 - 2*p - 6. What is the tens digit of c(-1)?
6
Let r be -8*2 + 8/2. What is the hundreds digit of -1*(-127 - r/(-3))?
1
Let r(f) = -f**2 + 4*f. Let m be r(3). Suppose m*w + 2*w = 105. What is the tens digit of w?
2
Suppose 0 = 2*c - 4*j + 4, 0*c + j + 9 = 3*c. What is the tens digit of (16 - 14)/(c/26)?
1
Let w(j) = -4*j - 5. Let x be w(-5). Let v(p) = 14*p - 13. What is the hundreds digit of v(x)?
1
Suppose -5*t = 642 + 973. Let u = t + 460. What is the hundreds digit of u?
1
Let d(n) = -n**3 - 7*n**2 + 7*n - 8. Suppose 4*x + 117 = -9*x. What is the tens digit of d(x)?
9
Suppose -2*k + 2*a = -7*k + 5, 0 = 5*k - 2*a - 25. Suppose -m + 80 = k*m - 4*g, -34 = -2*m - g. Let z = m - 12. What is the units digit of z?
6
Let n(i) = 686*i**2 - 24*i - 32. What is the thousands digit of n(-2)?
2
Let o(f) = 16*f - 7. Let w be o(-3). Let u be w/(3 + -3 - 1). Suppose -5*r + u = 5. What is the units digit of r?
0
Let u(f) = 40*f + 2 + 66*f - 2*f. What is the tens digit of u(1)?
0
Let z(v) be the third derivative of v**6/60 - v**5/60 - v**4/24 + v**3/6 + 2*v**2. Suppose 4*d - 6*d + 6 = 0. What is the units digit of z(d)?
3
Let l = -6 + 162. Let t = -152 - -262. Let b = l - t. What is the tens digit of b?
4
Let b(j) = j**2 + 14*j + 23. Let o be b(-15). Suppose o = 7*g - 6*g. What is the tens digit of g?
3
Suppose 4*m - 2287 = 4357. What is the thousands digit of m?
1
Suppose -130 = -2*t - 2*p, -3*p - p + 191 = 3*t. What is the units digit of t?
9
Let o = 907 - -956. What is the tens digit of o?
6
Let y = 2906 + 121. What is the units digit of y?
7
Let v = 49 - 14. Let m(i) = 4*i + 1. Let u be m(1). Suppose -u*f = v - 90. What is the tens digit of f?
1
Let l(z) = -z**3 - 8*z**2 + 15. Let g be l(-9). Suppose 0*v + g = 4*v. What is the units digit of v?
4
Suppose 2 + 2 = a. Suppose 5*g - a*h = 994 - 211, h - 480 = -3*g. Suppose -f = 2*f - t - g, -2*f = 2*t - 98. What is the units digit of f?
2
Let z be 0 - 0*(-3)/6. Suppose z = -5*d + 3*h + 27, 2*d + 2*h = 3*d - 11. What is the units digit of (2 - d)/(3/(-9))?
3
Suppose -642 + 27564 = 42*f. What is the tens digit of f?
4
Suppose -2*x - t = -6*t - 44, 0 = -5*x - 5*t + 40. What is the hundreds digit of 1520/15 + 2 + x/(-9)?
1
Let v = 57 + -60. Let o = 19 + v. What is the units digit of o?
6
Suppose -6599*s + 6608*s = 33624. What is the thousands digit of s?
3
Let g be ((-8)/10)/((-2)/100). Let k(q) = q**2 + 3. Let a be k(0). Suppose -6*l - g = -4*n - a*l, 0 = -4*n + 2*l + 40. What is the tens digit of n?
1
Let z be 12/(-78) - (-56)/26. Suppose -z*w - 324 = -i - i, -2*w + 810 = 5*i. Suppose 5*b - 8*b = -i. What is the tens digit of b?
5
Let m(t) = -17*t + 1750. What is the thousands digit of m(0)?
1
Suppose -8*n - 7725 = -13*n. What is the units digit of n?
5
Suppose 4*o = 11*o. Let b be (6 + o)/(3/2). Suppose b*c = -6 + 50. What is the units digit of c?
1
Suppose -2*d - 3*d - 450 = 0. Let a = 158 + d. Let f = a + -20. What is the units digit of f?
8
Let d = 195 + -431. What is the tens digit of d/(-7) - 2/(-7)?
3
Suppose -21714 = -22*u + 4290. What is the tens digit of u?
8
Let f = -3024 - -7297. What is the hundreds digit of f?
2
What is the units digit of (26*1/3)/(3/9)?
6
Suppose -6*n = -171 - 33. Let o = -16 + n. What is the tens digit of o?
1
Let c be ((-29)/(-2))/(2/4). Suppose 3*p - 26*p = -1403. Let r = p - c. What is the tens digit of r?
3
Let q = 131 + 501. Suppose 0 = 3*l - 6*l + 4*a + q, 0 = 5*l - a - 1025. What is the tens digit of l?
0
Suppose 6*d = 9*d - 12. Suppose 214 = 3*v + j, v + 209 = d*v + 2*j. What is the tens digit of v?
7
What is the hundreds digit of (-35664)/(-40)*25/15?
4
Let v be 0 + 30/(-6) + 61. Suppose -u - 2*x = 3 - v, -x = 5*u - 301. What is the units digit of u?
1
Let z(v) = -9*v - 5. Let a be z(-1). Suppose -5*u - 137 = -o - 1041, 2*o + 722 = a*u. What is the tens digit of u?
8
Let u be 1/(970/242 - 4). Suppose -2*z - 55 = -u. What is the units digit of z?
3
Let p be (-24)/(-2)*(-1